
True
Is 1489211 composite?
True
Is 1613429 prime?
False
Is 31501303 prime?
True
Is 1282007 prime?
True
Is 238957 composite?
True
Is 40328741 composite?
True
Is 12609407 a prime number?
False
Is 1624885 a prime number?
False
Is 11031821 prime?
True
Is 78608401 a prime number?
False
Is 1945943 a prime number?
True
Is 12457301 composite?
False
Is 6303041 composite?
True
Is 360467 prime?
False
Is 6387385 a composite number?
True
Is 2769763 a prime number?
False
Is 140377019 a prime number?
False
Is 256811 prime?
False
Is 564916019 composite?
True
Is 1976869 prime?
True
Is 150047407 a prime number?
True
Is 155384093 composite?
False
Is 4807547 composite?
True
Is 270791 composite?
False
Is 79836019 a composite number?
False
Is 10411801 a composite number?
True
Is 44489 a prime number?
False
Is 98552437 a composite number?
False
Is 44566751 a prime number?
True
Is 187284887 a prime number?
True
Is 12414707 prime?
True
Is 136809767 a composite number?
False
Is 76041953 a prime number?
False
Is 8156237 prime?
False
Is 125150869 a composite number?
True
Is 2486951 composite?
False
Is 171342937 prime?
False
Is 9446119 composite?
True
Is 52686097 prime?
True
Is 12866129 a prime number?
True
Is 5068157 a prime number?
True
Is 11448737 composite?
False
Is 51448057 composite?
False
Is 317719211 prime?
True
Is 97423 prime?
True
Is 31390067 a composite number?
False
Is 164673023 a composite number?
True
Is 17808647 a composite number?
True
Is 7988573 a prime number?
True
Is 66614907 a prime number?
False
Is 767795849 composite?
True
Is 7437785 prime?
False
Is 10018727 composite?
False
Is 21092249 composite?
False
Is 7235974 prime?
False
Is 1629587 prime?
True
Is 38245247 a composite number?
False
Is 21956777 a composite number?
False
Is 140249 prime?
True
Is 276739 composite?
False
Is 10339261 composite?
False
Is 197692993 composite?
False
Is 4142651 a prime number?
True
Is 15363311 prime?
True
Is 12026017 a composite number?
True
Is 7121321 a composite number?
False
Is 23623109 prime?
False
Is 534427 prime?
False
Is 21072185 a prime number?
False
Is 27998947 composite?
False
Is 39847297 composite?
True
Is 36744671 a composite number?
False
Is 12126413 a prime number?
False
Is 240247027 composite?
False
Is 15344141 prime?
False
Is 10816691 composite?
True
Is 404842731 composite?
True
Is 30317117 a prime number?
True
Is 3344147 a prime number?
True
Is 111945019 a composite number?
False
Is 1281733 composite?
True
Is 3773387 a composite number?
False
Is 96505681 prime?
True
Is 26718359 prime?
False
Is 29257907 a prime number?
False
Is 629571809 prime?
True
Is 13017757 a prime number?
True
Is 2853541 composite?
True
Is 17228227 a prime number?
False
Is 167214633 composite?
True
Is 22850803 prime?
False
Is 81512837 a composite number?
True
Is 26270351 a prime number?
False
Is 69779 a composite number?
False
Is 817318154 composite?
True
Is 27685597 prime?
False
Is 128657 a composite number?
False
Is 452551097 a prime number?
True
Is 80180059 composite?
False
Is 10983439 composite?
False
Is 178383041 a composite number?
False
Is 35796557 a prime number?
True
Is 102137645 a composite number?
True
Is 81391 prime?
False
Is 2490771 prime?
False
Is 5848201 a composite number?
True
Is 258874009 a composite number?
True
Is 25315419 a prime number?
False
Is 197996573 prime?
True
Is 18890947 composite?
False
Is 4722229 a prime number?
True
Is 2949679 composite?
False
Is 51296779 prime?
False
Is 24691169 prime?
True
Is 21232257 prime?
False
Is 12792905 prime?
False
Is 119326979 prime?
True
Is 4794523 a composite number?
False
Is 368290049 composite?
False
Is 59601263 a prime number?
True
Is 905053 a prime number?
True
Is 613859 a composite number?
True
Is 4235017 a composite number?
False
Is 2211359 prime?
True
Is 119497787 a prime number?
True
Is 2837669 a prime number?
False
Is 8873237 composite?
True
Is 27919579 a prime number?
True
Is 66385381 composite?
True
Is 11053201 prime?
True
Is 3179021 composite?
True
Is 34609387 a composite number?
True
Is 33313409 composite?
False
Is 8423549 a prime number?
True
Is 1199104853 composite?
True
Is 30216091 composite?
False
Is 99672433 a prime number?
False
Is 3502979 a composite number?
False
Is 58478347 a prime number?
True
Is 248426 a prime number?
False
Is 18840638 a prime number?
False
Is 1077119 prime?
False
Is 44766177 prime?
False
Is 443983 prime?
True
Is 450787 a prime number?
True
Is 116701217 prime?
True
Is 180909217 a composite number?
False
Is 7835129 a composite number?
False
Is 18710321 a composite number?
True
Is 387859 prime?
False
Is 16983229 composite?
False
Is 142168893 a prime number?
False
Is 17628682 prime?
False
Is 495903671 a prime number?
True
Is 283328861 composite?
False
Is 4750561 composite?
False
Is 1297343 composite?
True
Is 18587319 prime?
False
Is 4373373 a prime number?
False
Is 33304211 composite?
False
Is 1424273 composite?
True
Is 42127 composite?
True
Is 47974337 a composite number?
True
Is 360391 a composite number?
False
Is 7949041 prime?
False
Is 185051 a composite number?
False
Is 32753687 prime?
False
Is 77667 a prime number?
False
Is 273199859 composite?
True
Is 17371789 composite?
False
Is 83676245 composite?
True
Is 7167457 a prime number?
False
Is 10103221 prime?
True
Is 6195671 a composite number?
True
Is 141301201 prime?
False
Is 449002 composite?
True
Is 90929 composite?
True
Is 1389383 composite?
False
Is 5059063 a prime number?
True
Is 20806261 prime?
False
Is 14402501 composite?
False
Is 161143183 prime?
False
Is 64814423 prime?
False
Is 33925471 a composite number?
False
Is 3327491 a prime number?
True
Is 46478513 a prime number?
False
Is 5159611 composite?
False
Is 1347572053 composite?
False
Is 34367923 prime?
False
Is 90329 a composite number?
True
Is 16218401 a prime number?
True
Is 11836841 prime?
False
Is 34549249 a prime number?
False
Is 369495287 a composite number?
True
Is 757904981 a prime number?
True
Is 46552321 prime?
True
Is 178289 a prime number?
True
Is 330383 composite?
False
Is 179208727 a prime number?
True
Is 61883509 a prime number?
False
Is 87906629 a composite number?
True
Is 209896987 composite?
False
Is 2083073 a prime number?
True
Is 38399761 a prime number?
True
Is 2169281 a prime number?
True
Is 138631 a composite number?
True
Is 635267 prime?
True
Is 2189783 prime?
True
Is 14071591 composite?
False
Is 929808821 prime?
False
Is 26130349 composite?
True
Is 325361 prime?
False
Is 385758403 a composite number?
True
Is 377186813 composite?
False
Is 3187783 composite?
True
Is 1664987 composite?
False
Is 710501983 composite?
True
Is 1348757 a prime number?
True
Is 3784817 prime?
False
Is 15160399 composite?
False
Is 10685111 a prime number?
False
Is 5666279 composite?
False
Is 284739551 a composite number?
True
Is 259049261 prime?
True
Is 215239 composite?
False
Is 223255733 a prime number?
False
Is 2668199 prime?
True
Is 1207177 a prime number?
False
Is 96960406 composite?
True
Is 22181147 a composite number?
False
Is 10008779 a prime number?
False
Is 3251258 a composite number?
True
Is 9247307 prime?
True
Is 1156699 composite?
False
Is 110734609 a composite number?
False
Is 1456933 prime?
False
Is 12142181 a prime number?
False
Is 1166153 a composite number?
False
Is 38151691 composite?
False
Is 52863709 a composite number?
False
Is 6031843 prime?
True
Is 496949 composite?
False
Is 108626977 a prime number?
False
Is 3972651 a composite number?
True
Is 4597547 a prime number?
False
Is 2820479 prime?
True
Is 9099161 prime?
True
Is 311099 a composite number?
False
Is 10865843 composite?
True
Is 254083 composite?
False
Is 12179537 a composite number?
False
Is 17044361 prime?
True
Is 208427993 a composite number?
True
Is 80836199 a composite number?
True
Is 25657 a prime number?
True
Is 380425417 a prime number?
False
Is 35150677 a composite number?
True
Is 29674847 a composite number?
False
Is 91650781 prime?
False
Is 969233 composite?
False
Is 13767949 a composite number?
True
Is 79053341 prime?
True
Is 169186651 a composite number?
True
Is 13915997 a composite number?
True
Is 11498537 prime?
True
Is 2277827 a prime number?
True
Is 100451777 composite?
True
Is 69562457 a composite number?
False
Is 12718117 a prime number?
False
Is 29113082 prime?
False
